{"id":82,"date":"2016-08-09T03:45:41","date_gmt":"2016-08-09T07:45:41","guid":{"rendered":"http:\/\/docopleidingen.com\/pages\/?page_id=82"},"modified":"2020-10-28T14:54:04","modified_gmt":"2020-10-28T18:54:04","slug":"algemene-voorwaarden-en-regelingen","status":"publish","type":"page","link":"https:\/\/docopleidingen.com\/pages\/algemene-voorwaarden-en-regelingen\/","title":{"rendered":"Algemene voorwaarden en regelingen"},"content":{"rendered":"<h3>Inschrijf- en betalingsvoorwaarden<\/h3>\n<h4>1. Inschrijven voor een studie (opleiding, training of workshop)<\/h4>\n<p>U schrijft zich in voor een studie van doc (handelsnaam van Aruba Education &amp; Knowledge Center VBA ) door het insturen\/ retourneren van een ingevuld en ondertekend inschrijfformulier. Door uw inschrijving verklaart u akkoord te gaan met deze inschrijf- en betalingsvoorwaarden. U dient tenminste 80% van de lessen aanwezig te zijn om deel te mogen nemen aan het examen. Eenmalig betaalt u Afl. 50,- inschrijfgeld voor een cursus of workshop.<\/p>\n<h4>2. Wijze van betaling<\/h4>\n<p>U kunt bij uw inschrijving aangeven op welke wijze u wilt betalen. Standing order via de bank (gewenst), per cheque of contant. Indien u gekozen heeft voor betaling ineens dient het totaal verschuldigde bedrag v\u00f3\u00f3r de aanvangsdatum van uw studie door doc ontvangen te zijn. Indien u aangeeft in termijnen te betalen, dient de eerste termijnbetaling v\u00f3\u00f3r de aanvangsdatum van de studie door doc ontvangen te zijn. De opvolgende termijnbetalingen dienen steeds v\u00f3\u00f3r de eerste van de maand door doc te zijn ontvangen.<\/p>\n<p>Alle bedragen zijn bij vooruitbetaling verschuldigd en opeisbaar. Bij niet tijdige (deel)betaling kan u als student de toe gang tot de colleges worden ontzegd. Tevens wordt u een boete van Afl. 25,- in rekening gebracht voor elke te late maandelijkse betaling. Door het niet aanwezig zijn\/ niet bezoeken van de colleges vervalt de financi\u00eble verplichting ten opzichte van doc niet. Ondergetekende is via deze inschrijfvoorwaarden bekend met de financi\u00eble verplichtingen waaraan voldaan moet worden na inschrijving.<\/p>\n<h4>3. Wanbetaling<\/h4>\n<p>Indien door u niet tijdig wordt betaald, worden alle kosten die doc dient te maken om de (deel)betaling te verkrijgen, met een minimum van 15% van de openstaande som, plus de wettelijke rente over het openstaande bedrag aan u in rekening gebracht. Deze overeenkomst kan in geval van wanbetaling, zonder dat enige ingebrekestelling is vereist, eenzijdig door doc worden verbroken. Daarnaast kan doc de werkelijke en in redelijkheid gemaakte buitenrechtelijke en gerechtelijke incassokosten aan u in rekening brengen.<\/p>\n<h4>4. Wijziging studie<\/h4>\n<p>doc behoudt zich het recht voor de indeling van de studie wat tijd en plaats betreft te wijzigen. Bij onvoldoende aanmeldingen heeft doc het recht om een studie af te lassen en\/of de aanvangsdatum van de studie uit te stellen. Bij aflassing van de studie vervallen de verplichtingen voor ingeschreven studenten. Er worden geen kosten aan de student in rekening gebracht. Indien de student reeds een (deel)betaling heeft verricht, vindt restitutie plaats van de reeds betaalde studiegelden.<\/p>\n<p>Bij uitstel van de aanvang van de studie tot binnen drie (3) maanden na de initi\u00eble aanvangsdatum, blijven de financi\u00eble verplichtingen van de ingeschreven student in stand. Indien de uitgestelde studie niet aanvangt binnen drie (3 ) maanden na de initi\u00eble aanvangsdatum vervallen de verplichtingen voor ingeschreven studenten en worden er geen kosten aan de student in rekening gebracht. Indien de student reeds een (deel)betaling heeft verricht kan restitutie plaatsvinden van de reeds betaald e studiegelden. Het inschrijfgeld wordt niet gerestitueerd!<\/p>\n<h4>5. Annulering studie<\/h4>\n<div class=\"gmail_default\"><span class=\"il\">Annulering<\/span> van de cursus of workshop is mogelijk tot 7 werkdagen voor de startdatum\u00a0hiervan. Hierna (<span class=\"il\">annulering<\/span> vanaf 6 werkdagen voor de startdatum van de cursus tot 1 werkdag voor aanvang van de workshop) brengen wij Afl 100.00 administratiekosten in rekening. Bij <span class=\"il\">annulering<\/span> op de eerste cursusdag brengen wij Afl 250 administratie en <span class=\"il\">annuleringskosten<\/span> in rekening. Indien de cursus wordt geannuleerd na aanvang van de cursus is het gehele studie bedrag inclusief lesmateriaal verschuldigd, ook al heeft de cursist de colleges niet bijgewoond. <span class=\"il\">Annulering<\/span> is alleen geldig indien dit via email gebeurt met vermelding van naam cursist en cursus naam. De datum van de e-mail geldt als de officiele annuleringsdatum.<\/div>\n<h4>6. Legitimatie<\/h4>\n<p>U bent verplicht tijdens het volgen van de studie het bewijs van betaling bij u te hebben en dit te tonen op verzoek van de docent of een andere werknemer van doc. Verder dient u bij uw inschrijving een kopie achter te laten van uw identiteitskaart, paspoort of rijbewijs.<\/p>\n<h4>7. Herexamen<\/h4>\n<p>Een doc-herexamen bedraagt Afl. 100,-. Dit dient voorafgaand aan het herexamen te worden voldaan.<\/p>\n","protected":false},"excerpt":{"rendered":"<p>Inschrijf- en betalingsvoorwaarden 1. Inschrijven voor een studie (opleiding, training of workshop) U schrijft zich in voor een studie van doc (handelsnaam van Aruba Education &amp; Knowledge Center VBA ) door het insturen\/ retourneren van een ingevuld en ondertekend inschrijfformulier. Door uw inschrijving verklaart u akkoord te gaan met deze inschrijf- en betalingsvoorwaarden. U dient [&hellip;]<\/p>\n","protected":false},"author":1,"featured_media":0,"parent":0,"menu_order":0,"comment_status":"closed","ping_status":"closed","template":"","meta":{"footnotes":""},"class_list":["post-82","page","type-page","status-publish","hentry"],"_links":{"self":[{"href":"https:\/\/docopleidingen.com\/pages\/wp-json\/wp\/v2\/pages\/82","targetHints":{"allow":["GET"]}}],"collection":[{"href":"https:\/\/docopleidingen.com\/pages\/wp-json\/wp\/v2\/pages"}],"about":[{"href":"https:\/\/docopleidingen.com\/pages\/wp-json\/wp\/v2\/types\/page"}],"author":[{"embeddable":true,"href":"https:\/\/docopleidingen.com\/pages\/wp-json\/wp\/v2\/users\/1"}],"replies":[{"embeddable":true,"href":"https:\/\/docopleidingen.com\/pages\/wp-json\/wp\/v2\/comments?post=82"}],"version-history":[{"count":0,"href":"https:\/\/docopleidingen.com\/pages\/wp-json\/wp\/v2\/pages\/82\/revisions"}],"wp:attachment":[{"href":"https:\/\/docopleidingen.com\/pages\/wp-json\/wp\/v2\/media?parent=82"}],"curies":[{"name":"wp","href":"https:\/\/api.w.org\/{rel}","templated":true}]}}